{"id":8,"date":"2024-02-26T13:25:06","date_gmt":"2024-02-26T12:25:06","guid":{"rendered":"https:\/\/achermann.de\/?page_id=8"},"modified":"2025-06-14T18:55:59","modified_gmt":"2025-06-14T16:55:59","slug":"biographie","status":"publish","type":"page","link":"https:\/\/achermann.de\/","title":{"rendered":"Biographie"},"content":{"rendered":"\n<p><\/p>\n\n\n\n<p><strong>Jo Achermann<\/strong> wurde am 27. Mai 1954 in&nbsp;<a href=\"https:\/\/de.wikipedia.org\/wiki\/Stans\">Stans<\/a>&nbsp;im Schweizer Kanton&nbsp;<a href=\"https:\/\/de.wikipedia.org\/wiki\/Nidwalden\">Nidwalden<\/a>&nbsp;geboren. Zwischen 1969 und 1976 machte der Stanser eine Lehre als K\u00e4ser und arbeitete auch in diesem Beruf. Im Sommer 1976 besuchte er den Vorkurs f\u00fcr plastisches Gestalten bei&nbsp;<a href=\"https:\/\/de.wikipedia.org\/wiki\/Anton_Egloff\">Anton Egloff<\/a>&nbsp;an der Hochschule f\u00fcr Gestaltung in Luzern. Ab 1980 studierte Jo Achermann an der&nbsp;<a href=\"https:\/\/de.wikipedia.org\/wiki\/Kunstakademie_D%C3%BCsseldorf\">Kunstakademie in D\u00fcsseldorf<\/a>&nbsp;im Orientierungsbereich Bildhauerei bei Professor G\u00fcnther Uecker. Der K\u00fcnstler erhielt 1983 das P.S.1-Stipendium der Kunstakademie in D\u00fcsseldorf, welches ihm 1984 ein Jahr im Atelier in New York zu verbringen erlaubte. In diesem Jahr erhielt er den&nbsp;<a href=\"https:\/\/de.wikipedia.org\/wiki\/Bernhard_Hoetger\">Bernhard-Hoetger-Preis<\/a>. Als Meistersch\u00fcler bei Professor G\u00fcnther Uecker erhielt er 1986\/87 das Eidgen\u00f6ssische Kunststipendium der Schweiz. W\u00e4hrend seiner Zeit als Meistersch\u00fcler an der Kunstakademie in D\u00fcsseldorf konnte er seine erste Einzelausstellung&nbsp;<em>Am Saar Staden<\/em>&nbsp;in der Stadtgalerie in Saarbr\u00fccken der \u00d6ffentlichkeit pr\u00e4sentieren. Die erste Einzelausstellung in der Schweiz fand unter dem Namen&nbsp;<em>Raumplastik<\/em>&nbsp;in der Galerie Ch\u00e4slager in Stans 1988 statt. In den Jahren 1990 bis 1993 hatte Jo Achermann einen Lehrauftrag f\u00fcr Bildhauerei an der Kunstakademie D\u00fcsseldorf. 1994 wurde der K\u00fcnstler als Professor f\u00fcr Bildhauerei, Lehrstuhl Plastisches Gestalten an die&nbsp;<a href=\"https:\/\/de.wikipedia.org\/wiki\/Brandenburgische_Technische_Universit%C3%A4t_Cottbus\">Brandenburgische Technische Universit\u00e4t Cottbus<\/a>berufen. Seit 2008 geh\u00f6rt auch das Lehrgebiet Zeichnen und Malen zum Lehrstuhl f\u00fcr Plastisches Gestalten an der BTU Cottbus.<\/p>\n\n\n\n<p>Im Jahr 2000 erschien im Verlag Martin Wallimann ein Buch mit einer umfassenden Darstellung seines k\u00fcnstlerischen Schaffens, seinen k\u00fcnstlerischen Vorbildern und seiner Denkweise in sechs Gespr\u00e4chen mit&nbsp;<a href=\"https:\/\/de.wikipedia.org\/w\/index.php?title=Fabrizio_Brentini&amp;action=edit&amp;redlink=1\">Fabrizio Brentini<\/a>.<\/p>\n\n\n\n<p>Jo Achermann ist mit der Architektin Agata Pekkacz verheiratet, mit der er einen Sohn hat. Der K\u00fcnstler lebt mit seiner Familie in\u00a0<a href=\"https:\/\/de.wikipedia.org\/wiki\/Berlin-Charlottenburg\">Berlin-Charlottenburg<\/a>. Zudem wohnt er in \u00a0<a href=\"https:\/\/de.wikipedia.org\/wiki\/Kerns\">Kerns<\/a>, Schweiz.<\/p>\n","protected":false},"excerpt":{"rendered":"<p class=\"more-link\"><a href=\"https:\/\/achermann.de\/\" class=\"readmore\"><svg class=\"icon icon-arrow-right\" aria-hidden=\"true\" role=\"img\"> <use href=\"#icon-arrow-right\" xlink:href=\"#icon-arrow-right\"><\/use> <\/svg><span class=\"screen-reader-text\">Biographie<\/span><\/a><\/p>\n","protected":false},"author":1,"featured_media":0,"parent":0,"menu_order":0,"comment_status":"closed","ping_status":"closed","template":"","meta":{"footnotes":""},"class_list":["post-8","page","type-page","status-publish","hentry"],"_links":{"self":[{"href":"https:\/\/achermann.de\/index.php?rest_route=\/wp\/v2\/pages\/8","targetHints":{"allow":["GET"]}}],"collection":[{"href":"https:\/\/achermann.de\/index.php?rest_route=\/wp\/v2\/pages"}],"about":[{"href":"https:\/\/achermann.de\/index.php?rest_route=\/wp\/v2\/types\/page"}],"author":[{"embeddable":true,"href":"https:\/\/achermann.de\/index.php?rest_route=\/wp\/v2\/users\/1"}],"replies":[{"embeddable":true,"href":"https:\/\/achermann.de\/index.php?rest_route=%2Fwp%2Fv2%2Fcomments&post=8"}],"version-history":[{"count":5,"href":"https:\/\/achermann.de\/index.php?rest_route=\/wp\/v2\/pages\/8\/revisions"}],"predecessor-version":[{"id":324,"href":"https:\/\/achermann.de\/index.php?rest_route=\/wp\/v2\/pages\/8\/revisions\/324"}],"wp:attachment":[{"href":"https:\/\/achermann.de\/index.php?rest_route=%2Fwp%2Fv2%2Fmedia&parent=8"}],"curies":[{"name":"wp","href":"https:\/\/api.w.org\/{rel}","templated":true}]}}